{"id":18,"date":"2025-09-13T19:41:32","date_gmt":"2025-09-13T18:41:32","guid":{"rendered":"https:\/\/dojodufaron.com\/?page_id=18"},"modified":"2025-09-13T22:27:46","modified_gmt":"2025-09-13T21:27:46","slug":"accueil","status":"publish","type":"page","link":"https:\/\/dojodufaron.com\/","title":{"rendered":"Accueil"},"content":{"rendered":"\n<p><strong>Bienvenue au Dojo du Faron<\/strong><\/p>\n\n\n\n<p>Le Dojo du Faron et l\u2019ensemble de ses associations seront heureux de vous accueillir dans leurs 4 salles d\u2019un complexe sportif de 500 m\u00b2 : du \u00ab baby \u00bb au s\u00e9nior, en mettant \u00e0 votre disposition un grand \u00e9ventail de disciplines, avec des professeurs dipl\u00f4m\u00e9s d\u2019\u00c9tat pour un enseignement convivial et de qualit\u00e9.<\/p>\n\n\n\n<p>La rentr\u00e9e 2025 a commenc\u00e9, rendez-vous au club pour les inscriptions !<\/p>\n\n\n\n<figure class=\"wp-block-image size-large\"><img fetchpriority=\"high\" decoding=\"async\" width=\"1024\" height=\"389\" src=\"https:\/\/dojodufaron.com\/wp-content\/uploads\/2025\/09\/image001-1024x389.png\" alt=\"\" class=\"wp-image-19\" srcset=\"https:\/\/dojodufaron.com\/wp-content\/uploads\/2025\/09\/image001-1024x389.png 1024w, https:\/\/dojodufaron.com\/wp-content\/uploads\/2025\/09\/image001-300x114.png 300w, https:\/\/dojodufaron.com\/wp-content\/uploads\/2025\/09\/image001-768x292.png 768w, https:\/\/dojodufaron.com\/wp-content\/uploads\/2025\/09\/image001-624x237.png 624w, https:\/\/dojodufaron.com\/wp-content\/uploads\/2025\/09\/image001.png 1516w\" sizes=\"(max-width: 1024px) 100vw, 1024px\" \/><\/figure>\n\n\n\n<p><\/p>\n","protected":false},"excerpt":{"rendered":"<p>Bienvenue au Dojo du Faron Le Dojo du Faron et l\u2019ensemble de ses associations seront heureux de vous accueillir dans leurs 4 salles d\u2019un complexe sportif de 500 m\u00b2 : du \u00ab baby \u00bb au s\u00e9nior, en mettant \u00e0 votre disposition un grand \u00e9ventail de disciplines, avec des professeurs dipl\u00f4m\u00e9s d\u2019\u00c9tat pour un enseignement convivial [&hellip;]<\/p>\n","protected":false},"author":1,"featured_media":0,"parent":0,"menu_order":0,"comment_status":"closed","ping_status":"closed","template":"","meta":{"footnotes":""},"class_list":["post-18","page","type-page","status-publish","hentry"],"_links":{"self":[{"href":"https:\/\/dojodufaron.com\/index.php\/wp-json\/wp\/v2\/pages\/18","targetHints":{"allow":["GET"]}}],"collection":[{"href":"https:\/\/dojodufaron.com\/index.php\/wp-json\/wp\/v2\/pages"}],"about":[{"href":"https:\/\/dojodufaron.com\/index.php\/wp-json\/wp\/v2\/types\/page"}],"author":[{"embeddable":true,"href":"https:\/\/dojodufaron.com\/index.php\/wp-json\/wp\/v2\/users\/1"}],"replies":[{"embeddable":true,"href":"https:\/\/dojodufaron.com\/index.php\/wp-json\/wp\/v2\/comments?post=18"}],"version-history":[{"count":5,"href":"https:\/\/dojodufaron.com\/index.php\/wp-json\/wp\/v2\/pages\/18\/revisions"}],"predecessor-version":[{"id":143,"href":"https:\/\/dojodufaron.com\/index.php\/wp-json\/wp\/v2\/pages\/18\/revisions\/143"}],"wp:attachment":[{"href":"https:\/\/dojodufaron.com\/index.php\/wp-json\/wp\/v2\/media?parent=18"}],"curies":[{"name":"wp","href":"https:\/\/api.w.org\/{rel}","templated":true}]}}