{"id":11,"date":"2025-09-13T19:35:12","date_gmt":"2025-09-13T18:35:12","guid":{"rendered":"https:\/\/dojodufaron.com\/?page_id=11"},"modified":"2025-09-13T19:46:01","modified_gmt":"2025-09-13T18:46:01","slug":"historique","status":"publish","type":"page","link":"https:\/\/dojodufaron.com\/index.php\/historique\/","title":{"rendered":"Historique"},"content":{"rendered":"\n<h3 class=\"wp-block-heading\">Un peu d&rsquo;histoire&#8230;<\/h3>\n\n\n\n<figure class=\"wp-block-image size-large\"><img fetchpriority=\"high\" decoding=\"async\" width=\"1024\" height=\"701\" src=\"https:\/\/dojodufaron.com\/wp-content\/uploads\/2025\/09\/h1-1024x701.jpg\" alt=\"\" class=\"wp-image-23\" srcset=\"https:\/\/dojodufaron.com\/wp-content\/uploads\/2025\/09\/h1-1024x701.jpg 1024w, https:\/\/dojodufaron.com\/wp-content\/uploads\/2025\/09\/h1-300x205.jpg 300w, https:\/\/dojodufaron.com\/wp-content\/uploads\/2025\/09\/h1-768x525.jpg 768w, https:\/\/dojodufaron.com\/wp-content\/uploads\/2025\/09\/h1-624x427.jpg 624w, https:\/\/dojodufaron.com\/wp-content\/uploads\/2025\/09\/h1.jpg 1140w\" sizes=\"(max-width: 1024px) 100vw, 1024px\" \/><\/figure>\n\n\n\n<p><br>Le b\u00e2timent principal \u00e9tait une ferme construite au 19eme si\u00e8cle.<br><br>Les habitants venaient jusque dans les ann\u00e9es 60 y chercher leur lait aux pis des vaches.<br><br>Il fut ensuite occup\u00e9 par divers artisans (fabrique de jouets en bois, m\u00e9canicien, \u00e9lectricien \u2026)<br><br>Dans les ann\u00e9es 80 les \u00ab \u00e9claireurs de France \u00bb en firent une base logistique.<\/p>\n\n\n\n<h3 class=\"wp-block-heading\">La r\u00e9novation<\/h3>\n\n\n\n<p>En 1998, la famille Darmand\u00e9 commen\u00e7a sa r\u00e9novation<\/p>\n\n\n\n<p>L\u2019\u00e9table accueillit le tatami (les premiers occupants en furent le judo puis le karat\u00e9 avec Eric LEJEUNE) &amp; l\u2019A\u00efkido avec Alain TISMAN)<\/p>\n\n\n\n<figure class=\"wp-block-image size-large\"><img decoding=\"async\" width=\"1024\" height=\"681\" src=\"https:\/\/dojodufaron.com\/wp-content\/uploads\/2025\/09\/h2-1024x681.jpg\" alt=\"\" class=\"wp-image-24\" srcset=\"https:\/\/dojodufaron.com\/wp-content\/uploads\/2025\/09\/h2-1024x681.jpg 1024w, https:\/\/dojodufaron.com\/wp-content\/uploads\/2025\/09\/h2-300x200.jpg 300w, https:\/\/dojodufaron.com\/wp-content\/uploads\/2025\/09\/h2-768x511.jpg 768w, https:\/\/dojodufaron.com\/wp-content\/uploads\/2025\/09\/h2-624x415.jpg 624w, https:\/\/dojodufaron.com\/wp-content\/uploads\/2025\/09\/h2.jpg 1183w\" sizes=\"(max-width: 1024px) 100vw, 1024px\" \/><\/figure>\n\n\n\n<figure class=\"wp-block-image size-large\"><img decoding=\"async\" width=\"1024\" height=\"690\" src=\"https:\/\/dojodufaron.com\/wp-content\/uploads\/2025\/09\/h3-1024x690.jpg\" alt=\"\" class=\"wp-image-27\" srcset=\"https:\/\/dojodufaron.com\/wp-content\/uploads\/2025\/09\/h3-1024x690.jpg 1024w, https:\/\/dojodufaron.com\/wp-content\/uploads\/2025\/09\/h3-300x202.jpg 300w, https:\/\/dojodufaron.com\/wp-content\/uploads\/2025\/09\/h3-768x518.jpg 768w, https:\/\/dojodufaron.com\/wp-content\/uploads\/2025\/09\/h3-624x421.jpg 624w, https:\/\/dojodufaron.com\/wp-content\/uploads\/2025\/09\/h3.jpg 1160w\" sizes=\"(max-width: 1024px) 100vw, 1024px\" \/><\/figure>\n\n\n\n<p>Le grenier \u00e0 foin fut occup\u00e9 et transform\u00e9 en salle de danse par Brigitte Mazella : le \u00ab Studio Tite \u00bb aujourd\u2019hui dirig\u00e9 par Loriane MERCIER).<\/p>\n\n\n\n<p>Se sont rapidement amalgam\u00e9s avec bonheur : Maurice TRAICA pour le Judo &amp; Jiu-jitsu et Georges GRECO pour la logistique.<\/p>\n\n\n\n<p>La grange fut ensuite agrandie et am\u00e9nag\u00e9e ce qui permis d\u2019accueillir la Lutte de Serge VERDIER, la Boxe de Philippe PROST DUMONT, le Yoga avec Coryse CRUCIANI &amp; la Gym\/stretching de Marie Th\u00e9r\u00e8se BERNE).<\/p>\n\n\n\n<figure class=\"wp-block-image size-large\"><img loading=\"lazy\" decoding=\"async\" width=\"1024\" height=\"700\" src=\"https:\/\/dojodufaron.com\/wp-content\/uploads\/2025\/09\/h4-1024x700.jpg\" alt=\"\" class=\"wp-image-26\" srcset=\"https:\/\/dojodufaron.com\/wp-content\/uploads\/2025\/09\/h4-1024x700.jpg 1024w, https:\/\/dojodufaron.com\/wp-content\/uploads\/2025\/09\/h4-300x205.jpg 300w, https:\/\/dojodufaron.com\/wp-content\/uploads\/2025\/09\/h4-768x525.jpg 768w, https:\/\/dojodufaron.com\/wp-content\/uploads\/2025\/09\/h4-624x427.jpg 624w, https:\/\/dojodufaron.com\/wp-content\/uploads\/2025\/09\/h4.jpg 1138w\" sizes=\"(max-width: 1024px) 100vw, 1024px\" \/><\/figure>\n\n\n\n<p><br><br>Au fils des ans le \u00ab Japan Karat\u00e9 \u00bb a \u00e9t\u00e9 remplac\u00e9 par le \u00ab BUSHIDO Club Toulon \u00bb de Jean Jacques FRIGOZI,<br>&amp; l\u2019 \u00ab\u00a0A\u00efkido Club Varois\u00a0\u00bb par \u00ab l\u2019A\u00efkido Toulon Faron \u00bb de St\u00e9phane SACCO<br>L\u2019histoire continue \u2026<\/p>\n\n\n\n<figure class=\"wp-block-image size-large\"><img loading=\"lazy\" decoding=\"async\" width=\"1024\" height=\"389\" src=\"https:\/\/dojodufaron.com\/wp-content\/uploads\/2025\/09\/h5-1024x389.jpg\" alt=\"\" class=\"wp-image-29\" srcset=\"https:\/\/dojodufaron.com\/wp-content\/uploads\/2025\/09\/h5-1024x389.jpg 1024w, https:\/\/dojodufaron.com\/wp-content\/uploads\/2025\/09\/h5-300x114.jpg 300w, https:\/\/dojodufaron.com\/wp-content\/uploads\/2025\/09\/h5-768x292.jpg 768w, https:\/\/dojodufaron.com\/wp-content\/uploads\/2025\/09\/h5-624x237.jpg 624w, https:\/\/dojodufaron.com\/wp-content\/uploads\/2025\/09\/h5.jpg 1516w\" sizes=\"(max-width: 1024px) 100vw, 1024px\" \/><\/figure>\n","protected":false},"excerpt":{"rendered":"<p>Un peu d&rsquo;histoire&#8230; Le b\u00e2timent principal \u00e9tait une ferme construite au 19eme si\u00e8cle. Les habitants venaient jusque dans les ann\u00e9es 60 y chercher leur lait aux pis des vaches. Il fut ensuite occup\u00e9 par divers artisans (fabrique de jouets en bois, m\u00e9canicien, \u00e9lectricien \u2026) Dans les ann\u00e9es 80 les \u00ab \u00e9claireurs de France \u00bb en [&hellip;]<\/p>\n","protected":false},"author":1,"featured_media":0,"parent":0,"menu_order":0,"comment_status":"closed","ping_status":"closed","template":"","meta":{"footnotes":""},"class_list":["post-11","page","type-page","status-publish","hentry"],"_links":{"self":[{"href":"https:\/\/dojodufaron.com\/index.php\/wp-json\/wp\/v2\/pages\/11","targetHints":{"allow":["GET"]}}],"collection":[{"href":"https:\/\/dojodufaron.com\/index.php\/wp-json\/wp\/v2\/pages"}],"about":[{"href":"https:\/\/dojodufaron.com\/index.php\/wp-json\/wp\/v2\/types\/page"}],"author":[{"embeddable":true,"href":"https:\/\/dojodufaron.com\/index.php\/wp-json\/wp\/v2\/users\/1"}],"replies":[{"embeddable":true,"href":"https:\/\/dojodufaron.com\/index.php\/wp-json\/wp\/v2\/comments?post=11"}],"version-history":[{"count":3,"href":"https:\/\/dojodufaron.com\/index.php\/wp-json\/wp\/v2\/pages\/11\/revisions"}],"predecessor-version":[{"id":30,"href":"https:\/\/dojodufaron.com\/index.php\/wp-json\/wp\/v2\/pages\/11\/revisions\/30"}],"wp:attachment":[{"href":"https:\/\/dojodufaron.com\/index.php\/wp-json\/wp\/v2\/media?parent=11"}],"curies":[{"name":"wp","href":"https:\/\/api.w.org\/{rel}","templated":true}]}}